Let t be 1/3*(1 - 4). Let k be -7 - (2 - (t - -2)). Let z(p) = -p**3 - 9*p**2 - 8*p + 3. What is the units digit of z(k)?
3
Let a be 15/20 - (-73)/4. Suppose -1 = -5*o + a. What is the units digit of o?
4
Let r(x) = x**2 - 8*x + 8. Let n be r(7). Suppose -6 = -2*g + 3*d, -g + d + 6 = n. What is the units digit of (-6)/g + 23/3?
7
Suppose 0 = -0*x + 3*x. Suppose x = 3*p - p. Let i = 1 - p. What is the units digit of i?
1
Let q(p) = -p - 5. Let y be 27/(-4) + 1/(-4). Let o be q(y). Suppose 0 = -0*i - o*i + 2. What is the units digit of i?
1
Let s(y) = 4*y - 19. Let p(k) = -2*k + 9. Suppose 5*l + 20 = -45. Let m(x) = l*p(x) - 6*s(x). What is the units digit of m(2)?
1
Suppose -d - 210 = -2*a, 0*a - 4*d - 204 = -2*a. What is the tens digit of a?
0
Let l(m) = m**2 - 6*m - 4. Let a be l(6). Let n(o) = -4*o + 3. What is the tens digit of n(a)?
1
Let k(v) = 2*v**2 + 3*v - 5. Let h be k(-4). Let p = 46 - h. What is the units digit of p?
1
Suppose 2*i = 2*o - 6*o + 108, 0 = -i + 4*o + 42. What is the units digit of i?
0
Suppose 2*b - 12 = -h, -3*b - 28 = -4*h - 6*b. Suppose -h*c = -c - 27. Suppose 5*q - 4*q - 3*g + 3 = 0, -c = -3*g. What is the units digit of q?
6
What is the tens digit of 2/1 - 270/(-6)?
4
Let h(a) = a**3 + 5*a**2 + 5*a + 6. Let l be h(-4). Suppose 0 = -f + l*f - 4. What is the units digit of f?
4
Let c be 2/3*120/16. Suppose -2*p = -c*p + 72. What is the units digit of p?
4
What is the units digit of (-5)/6 - -1 - 555/(-18)?
1
Let p be 0/((0 + 2)/2). Suppose p = -z - 6 + 28. What is the units digit of z?
2
Let j = 49 - -58. What is the units digit of j?
7
Let u be 0/2 - (-3 - 0). Let q = u + 3. What is the units digit of q?
6
Let a = -13 + 20. Suppose -15 = -a*o + 2*o. What is the units digit of o?
3
Let j = -381 - -652. Suppose j = 5*o - 4*l + 45, -4*l + 194 = 5*o. What is the tens digit of o?
4
Suppose t - 4*t = 9. What is the units digit of ((-72)/(-30))/(t/(-10))?
8
Let d(j) = -15*j - 18. What is the tens digit of d(-6)?
7
Let t(l) = l**3 - 12*l**2 + 10*l + 5. Let s be t(11). Let f(j) = j**3 + 7*j**2 + 4*j - 4. What is the units digit of f(s)?
8
What is the units digit of ((-1456)/312)/(4/(-90) + 0)?
5
Suppose 0 = s + 2*s. Suppose -2*v - 4*q = -24, v + 5*q - 5 - 22 = s. What is the units digit of v?
2
Suppose 3*f - 28 = 7*f. Suppose -19 = -3*d + 14. Let m = d + f. What is the units digit of m?
4
Let y(a) = 4*a. Let l be y(3). Suppose -m = 3*m - l. Suppose -6 = m*n - 39. What is the units digit of n?
1
Let u(m) = -2*m**3 + 2*m**2 - 3*m - 4. What is the units digit of u(-3)?
7
What is the tens digit of (2 + 34)/6 + 232?
3
Let i be (8/(-6))/((-3)/90). Suppose 4*f - 5*j - 12 = 0, -j - 3*j = 3*f - i. What is the units digit of f?
8
Suppose l - 35 - 39 = 2*o, 3*l = 5*o + 220. What is the tens digit of (66/55)/(3/l)?
2
Let s(v) = v**3 - 7*v**2 + 3*v - 3. Let w be s(8). Suppose -4*z = 4*x - 120, 3*z = -3*x + z + w. What is the units digit of x?
5
Suppose 4*v = -4*t + 1616, -1598 = 4*t - 8*t + 2*v. What is the hundreds digit of t?
4
Suppose 4*h - 33 = 151. Let k = h - 32. What is the units digit of k?
4
Let m = 3 - 1. What is the units digit of -4*(-2 - m) + -2?
4
Suppose 4*r = r. What is the units digit of r - -1*(-2 + 3)?
1
Suppose -f + 15 = 3. What is the tens digit of f?
1
Let k be 0/(1 - -2) - 104. What is the units digit of k/(-5) - 6/(-30)?
1
Let m = 32 + -25. Let d(a) = a**3 - 8*a**2 + 11*a - 4. What is the tens digit of d(m)?
2
Suppose 4*r - 52 = -5*u, 8*r + 12 = 7*r + 5*u. What is the units digit of r?
8
Let n(c) be the first derivative of 2*c**3/3 + c**2/2 + 1. Let w be n(-1). Suppose 0 = 3*h + 4*f - 3, -2*h + 2*f + 17 - w = 0. What is the units digit of h?
5
Let b be 10/3 + 2/3. Suppose 0 + b = 4*i. What is the units digit of i?
1
Let q(r) = r**2 + r + 1. What is the units digit of q(-3)?
7
Suppose -a - 60 = -2*b, -4*b = -4*a - a - 312. Let x be 2/6 - a/6. What is the units digit of (-1 + x)/(3 + -1)?
5
Let u = 4 + -1. Suppose -28 = -3*h + d - u, -2*d + 49 = 5*h. What is the units digit of h?
9
Let z be (-75)/(-10) + 2/4. Let u(l) be the third derivative of l**4/8 - 5*l**3/3 - 7*l**2. What is the tens digit of u(z)?
1
Let h be (-8)/28 - (-37)/7. Let p = -5 + h. What is the units digit of (7 - 1)/(1 + p)?
6
Let q(k) = -7 - 2*k + k + 1. Suppose -2*y + 4*y + 18 = 0. What is the units digit of q(y)?
3
Let v be (-25)/(-6) - 8/48. What is the units digit of 1*(v - (3 + 0))?
1
Let q(x) = -x**3 - 13*x**2 + 14*x + 16. What is the tens digit of q(-14)?
1
Let j(x) = 20*x**2. Let l be j(1). Suppose 1 + l = c. What is the tens digit of c?
2
Let f(q) = 2*q**2 + 3*q + 8. What is the tens digit of f(4)?
5
Suppose -3 = -f - 1. Let u(o) = 6*o**2 + o - 1. What is the units digit of u(f)?
5
Suppose 3*z = 37 - 1. Suppose -5*p - z = 38. What is the units digit of (8/10)/((-4)/p)?
2
What is the hundreds digit of (313/4 + -1)*24/9?
2
Let t(i) = 3*i**2 - 8*i + 3. Let n be t(6). Suppose 5*v - n = 37. What is the units digit of v?
0
Let k(q) = 15*q**2 + q - 1. Let n be 1/(-2) - (-3)/2. What is the units digit of k(n)?
5
Let a be 2 - (0 - -2 - 3). Suppose f + 2*z = 18, -4*z = a*f + 2*f - 66. What is the tens digit of f?
1
Let t be -8*(-1)/2 + 0. What is the tens digit of t/2 + 12 + 1?
1
Let r be 2/3 + 2/(-3). Suppose -2*l + r*l = 0. Suppose l*n = 5*n - 25. What is the units digit of n?
5
Suppose 6*a + 8 = 5*a. What is the units digit of (10/a)/((-1)/4)?
5
Let h = 56 + 28. What is the units digit of h?
4
Suppose 103 = -5*h + 13. What is the tens digit of 46/3 - 12/h?
1
What is the tens digit of 5/(2*(-2)/(-44))?
5
Let b(r) = -r**2 - 9*r - 11. Let w be b(-8). Suppose 0 = 5*n - 7 + 2. Let a = n - w. What is the units digit of a?
4
Suppose -5*w + 28 = -37. Let z = w + -6. Suppose 47 - z = 2*g. What is the units digit of g?
0
What is the units digit of (-5)/10*-118 - -5?
4
Suppose -v + 3*v + 20 = -5*a, 12 = v - 3*a. Suppose -k + v = 1. Let d(l) = -l**3 - 2*l - 1. What is the units digit of d(k)?
2
Let n be (4/6)/((-2)/(-51)). Let b = 13 + -3. Let m = n - b. What is the units digit of m?
7
Let g(f) = f. Let a(p) = -2*p + 2. Let o(s) = a(s) + 3*g(s). What is the units digit of o(0)?
2
Suppose b - 3*l - 4 = 0, 0 = -4*l + l + 6. What is the tens digit of b?
1
Suppose -4 - 14 = -2*l. Suppose -l = -m - 0*m. What is the units digit of m?
9
Let j(t) = 3*t + 1. Let x be j(2). Suppose -3*f - 248 = -x*f. What is the units digit of f/8 - 4/(-16)?
8
Let x(n) = n + 10. Let z(a) = -3*a - 31. Let p(h) = 7*x(h) + 2*z(h). What is the units digit of p(-6)?
2
Suppose 22 = 4*g + 6. Suppose -4*r + 2*u = -58, 7*r - 16 = g*r - 4*u. What is the units digit of r?
2
Suppose 0 = 5*a - 2*x - 1215, 0 = 4*a + 4*x - 675 - 269. What is the units digit of a?
1
Let m = 1 - -1. Suppose 3*j - 2*b = 28, 2 = j - m*b - 6. What is the units digit of j?
0
Let v(z) = -3*z**3 - 2*z**2 - 2*z - 1. Let h be v(-2). Let l = h - 10. What is the units digit of l?
9
Suppose -15*w = -14*w - 94. What is the units digit of w?
4
Suppose i + 5 = 5*q, 3*q - 5*i - 25 = 2*q. Suppose 12 = r - q*r. What is the units digit of r?
2
What is the tens digit of ((-6)/18)/((-1)/66)?
2
Suppose 0 = 4*s + 3*f - 2*f - 348, -s + f = -92. Suppose 2*h - s = -10. Suppose 5*c - 57 = 3*m, m + 10 = 5*c - h. What is the units digit of c?
9
Let q(d) = -d**3 + 5*d**2 + 6*d + 3. Let i be q(6). Suppose 3*t + 27 = -5*o, i*t + 13 = 2*t - 3*o. What is the tens digit of (t + 0)*18/(-4)?
1
Let i = 6 - 11. What is the units digit of (-6*(-2 + i))/2?
1
Let k = -1 + 31. What is the tens digit of k?
3
Let y = 9 + 2. What is the units digit of y?
1
Let t = 16 + -27. Let o = t + 24. Let j = -6 + o. What is the units digit of j?
7
Suppose 3*o - 2*o - n = 21, 4*n + 46 = 2*o. What is the tens digit of o?
1
Let b(m) = -m**2 + 9*m + 51. What is the tens digit of b(10)?
4
Let y = -33 - -57. What is the tens digit of y?
2
Suppose b + 8 = 5*b. Let r(n) = -n + 2 + n + 2*n. What is the units digit of r(b)?
6
Let g(j) = j**2 + 7*j - 11. Let v be g(-9). Let n(p) = p - 8. Let m be n(v). Let u = 0 - m. What is the units digit of u?
1
Let n = 291 + -91. What is the units digit of n?
0
Let m(x) be the third derivative of -x**6/120 + x**5/20 + x**4/24 + 2*x**3/3 - 2*x**2. What is the units digit of m(3)?
7
Suppose -23*x = -17*x - 1692. What is the hundreds digit of 